 -14 - (-32 + 15 - -16)?
-13
What is the value of (7 + 10 - 3) + -22 - (0 + -3)?
-5
-7 + (0 + 3 - (17 - 15) - -19)
13
What is 216 - 257 - (-68 - 2)?
29
What is (-3 - -36) + -2 + -21 + 9?
19
Evaluate 2 + -10 - 4 - (-102 + 107).
-17
-8 - (-11 + 4 + -8)
7
-2 + -1 - (-1 + 10)
-12
Evaluate 16 - (-13 - (-6 + (-16 - 19))).
-12
-50 - -7 - -45 - (-2 - (0 + 9))
13
9 + -11 + 2 - -6 - 1
5
What is the value of (23 - (23 + -13 + 3)) + 6?
16
What is (-19 - (-30 + 18)) + 4?
-3
What is (-1 - -26 - 20) + (-1 - 8)?
-4
Evaluate -9 - (28 - 7) - -14.
-16
(14 - 15) + 15 - 9
5
Evaluate -20 - ((-30 - 23) + 24).
9
What is (-5 - (2 + -1 + -1 + -7)) + 2?
4
6 - ((-8 - (4 + -8 + 1)) + -5)
16
Evaluate (-5 - 1 - -3) + 1 + -4.
-6
Evaluate 6 + 8 + -4 + (-8 - -2) + 10.
14
(-9 + 1 - -4 - -8) + 0
4
Evaluate 9 - -29 - (28 + -11).
21
Calculate 25 + -6 + -12 + (1 - 22) + 2.
-12
(-22 + 7 - (-2 - 7)) + 6
0
(7 - (1 - -1)) + -6
-1
Calculate 7 + -1 + -5 + -2 - 4.
-5
-17 - (-25 - 5) - 25 - -17
5
Evaluate 2 + 3 + (-24 - (-9 - (9 + -10))).
-11
10 - (-24 + 34 - 16)
16
What is -15 + (8 - 5) + -2 + (1 - 2)?
-15
Evaluate 145 - 150 - (2 + -3).
-4
What is -5 + (5 - -14) - (-26 + 24)?
16
Evaluate (39 - 23 - 19) + (15 - 0).
12
-128 - -132 - (-2 + 1) - 11
-6
2 - (10 + -8 + -12) - (-2 + 9)
5
What is the value of 7 - (1 + 8) - (-5 - -6 - -6)?
-9
Calculate -24 - (4 + -16 + -2 - -11).
-21
What is the value of 30 + 31 + -37 + -53?
-29
22 - -15 - 69 - (-5 - 1)
-26
Evaluate 7 - (19 + -12 + 10).
-10
What is -11 - (8 + 12 + -42 + 9)?
2
5 + (28 + -30 - (-1 - -4) - 0)
0
What is the value of 9 - (20 - (-5 - -10) - -10 - -10)?
-26
Evaluate (16 - 7) + (4 - 7 - (-5 - 3)).
14
What is the value of (-4 - 1) + (137 - 130)?
2
What is (560 - 564) + (-12 + 0 - 2)?
-18
Evaluate (25 - 10) + (-23 - 8).
-16
26 + -15 - 40 - -14
-15
Calculate (2 - 33) + 3 + 9 - -23.
4
What is the value of 24 + (4 - (27 + -13))?
14
(1 - 1 - -6) + (-319 - -310)
-3
What is (14 - 4) + 3 + 9 + -16?
6
Calculate 4 + 3 - (-5 + 15).
-3
Calculate 8 + -12 + (4 - -5) + 3.
8
What is (4 - 14) + 8 - (-4 + -6)?
8
Evaluate 2 - (-11 + 3) - (-19 - -1).
28
What is (5 - (9 + 5 + -10)) + (-3 - -1)?
-1
What is 3 - (4 - (2 + (2 - 1)) - -1)?
1
Evaluate -6 + (-5 - -1 - (1 - 10)).
-1
What is the value of -10 - (-8 + 0 + -18)?
16
-3 - -8 - 0 - 9
-4
What is the value of (55 - 14) + -24 - -5?
22
Evaluate -16 + -5 + (15 - 1) + 1.
-6
Calculate -13 + 15 - -9 - (-2 - -4).
9
Calculate -1 - -10 - (16 + -20 + 32 - 6).
-13
What is the value of 4 - (7 - -1 - 6) - (3 + -12)?
11
Calculate -30 + (-7 - 12 - -13) + 17.
-19
Calculate -14 + 3 + 9 + 14 + -1.
11
22 + (19 - (-7 - -34))
14
Evaluate 16 + -17 + -10 - 5.
-16
What is the value of 71 + -67 + (4 - -3 - 5)?
6
2169 - 2187 - (0 - (1 + 11))
-6
What is the value of (2 - 37 - -17) + (38 - -2)?
22
What is 16 + -1 + -13 + (35 - 32)?
5
What is 8 + 17 + -19 + 2?
8
-12 + -2 + 5 + (-13 - -5)
-17
Calculate 4 - (-9 + 7 + -10 + 9).
7
Calculate (-1 - -7) + (-5 - -22 - 21).
2
Evaluate 4 - ((0 - -1 - -5 - 18) + 3).
13
4 + 6 + 2 + -11
1
What is -11 - -8 - (-2 + 1 + (-31 - -36))?
-7
What is 39 - (11 + 18 + -14)?
24
(-5 - 1 - 3) + (18 - 7)
2
What is -7 + -3 + 12 - 2 - 2?
-2
Calculate -7 + 0 + 3 + -2 + -5 + 1.
-10
What is -18 + -21 - (-51 - -26)?
-14
Calculate (0 - 0) + -3 + (1 - 1) - -1.
-2
(16 - 5 - -14) + -25
0
Calculate 128 - 117 - (0 - -27).
-16
Calculate -6 - (8 + (-5 - -6) - 8).
-7
(4 - -4 - 6 - 9) + -3
-10
What is (-6 - -7) + (5 + 2 + -29 - -7)?
-14
2 + -1 + -10 + 7 + -1
-3
11 + (-5 - (5 - 41 - -12) - -6)
36
Calculate -23 + 3 + (91 - 57).
14
What is 71 - 59 - (3 - 4)?
13
What is -47 + 26 + 2 - (0 + -27)?
8
21 - (-2 - (6 + -8) - -8)
13
Calculate -2 - (5 - 15) - -5.
13
What is 43 - 36 - (-1 + -9) - (6 - 2)?
13
What is the value of (-22 + 36 - -3) + -3?
14
What is (-7 - (-11 + 5)) + 1 - (1 - 1)?
0
56 - (19 + -13 + 29)
21
What is the value of (-19 - -1) + (-1 - (-5 - (-9 - -6)))?
-17
0 - (0 + 0) - (756 + -754)
-2
What is the value of -38 - -12 - -38 - (2 - -7)?
3
Calculate 13 - (16 - (-1 + 5)).
1
What is the value of 8 + -7 + (20 - 24)?
-3
-25 - (-13 + -6 + 28)
-34
Evaluate -9 - ((-3 - 11) + (-12 - -20)).
-3
What is (-3 - 8) + (-13 - (-31 + 2))?
5
What is -6 + (-1 - (4 - 15)) + 9?
13
Calculate 11 + -1 + (-11 - (-31 + 29)).
1
0 + (5 - -2 - (117 - 72))
-38
0 + -2 - (-24 - -15)
7
Evaluate 0 + -2 + 2 + -36 + 46.
10
What is -1145 + 1145 - (2 + 0 + -1 - 3)?
2
Calculate -18 + (4 - (-5 + -7 + 7 - -6)).
-15
Calculate (-2 - (-4 - -4)) + -12.
-14
What is -1 + 25 + (-7 - -1)?
18
What is the value of 5 + -12 - -6 - -14 - 13?
0
2 + (21 - (-15 - -26))
12
What is 28 - (2 - -9) - 4?
13
Calculate -25 - ((0 - (10 + 3)) + 10).
-22
-13 + 14 + 2 + -5
-2
What is the value of (-19 - 3) + -29 + 61?
10
Calculate (-6 - 0 - (-357 - -362)) + (9 - -1).
-1
Evaluate (0 - 62) + -240 + 282.
-20
Evaluate 3 + (9 - 5 - 7) + -8.
-8
Calculate -50 - (-36 - 28) - (2 - -7).
5
Evaluate 1 + (57 - 27) - 39.
-8
Calculate (-7 - (-12 + 26 - 35)) + 0.
14
Calculate 3 - -3 - ((-3 - 7) + 17).
-1
(-9 - -6) + -2 + 6 + -4
-3
Calculate 2 - ((-17 - -5) + -17 + 22).
9
Evaluate 101 + -86 + (-12 - -1) + (1 - 0).
5
Evaluate -84 + (-36 - -75) + 19.
-26
What is the value of -66 + 49 + -1 + -1?
-19
What is the value of 184 - 194 - (3 - 1 - -2)?
-14
What is -201 - -204 - ((0 - -3 - 5) + -5)?
10
What is -11 + (-6 + 10 + 11 + -25 - 2)?
-23
Evaluate -1 + -2 + -3 + 2 - (7 - 1).
-10
What is 11 - (10 + 11) - -14?
4
50 - 6 - (16 - 0) - (1 - 4)
31
(-119 - -81) + 2 + 2 + 3
-31
Calculate 4 + -11 + (0 - -11) + (-50 - -51).
5
Evaluate 16 - 2 - (-21 + (29 - 6)).
12
What is the value of 10 + 38 + -59 + 16?
5
Calculate (-13 + -12 + 12 - -10) + 5.
2
Evaluate -7 - (-11 + (5 - (-17 - -7))).
-11
Evaluate 18 + 1 - (-7 + 10 + -4 + 7).
13
Calculate -13 + (-12 - -20) - -10.
5
Evaluate -6 - -1 - (12 + -32 + 17 + -5).
3
What is the value of (-48 - (33 + -64)) + 1 + 0?
-16
Calculate -3 + (2 - (7 + -1 + -10) - 0).
3
-125 + 119 - (-22 + 7)
9
Calculate 266 + -237 - (-1 + 12).
18
Calculate -2 + 11 - 15 - (-9 + 1 + 22).
-20
What is the value of 13 + -28 + 19 + 0 + 2?
6
What is the value of 17 + 59 + -82 + (10 - (2 + 0))?
2
-32 + -21 + 19 - -39
5
Evaluate 19 - 17 - -11 - 38.
-25
What is (5 - (-2 - -8) - (-2 - -5)) + -2?
-6
Evaluate -5 - (-3 + -10 + -3 + 8 + 5).
-2
What is the value of -27 - (-4 + 0 + 0 + -5 + 6)?
-24
What is the value of 2 - 3 - -8 - (33 - 19)?
-7
What is -11 + 12 + -5 + (-4 - 3 - 3)?
-14
What is -31 - -4 - (147 + -154)?
-20
What is -11 - (-3 - (7 + (-9 - -2)))?
-8
Calculate -11 + 20 + -17 - (0 + -10 - -2).
0
What is the value of 20 + 7 + -15 + (-7 - -1) + 14?
20
Evaluate (-4 - -3) + (-20 - (13 - (-3 + 7))).
-30
Calculate 90 + -89 + (0 - -10) + 17 + -19.
9
What is (20 - -3) + -14 + -5?
4
Calculate 16 - (4 + -2) - (1 - (5 - 8)).
10
Calculate -4 + (15 - (30 + -16)).
-3
Calculate (-732 - -711) + (0 - -4).
-17
Calculate (-96 - -127) + (-18 - 2).
11
What is 4 + -1 - (2 - 7 - (-30 + 35))?
13
Evaluate -2 + 12 + 3 + 9.
22
What is -21 - (3 + -7 + -9)?
-8
(-67 - -89) + 1 + -15 + -13
-5
7 + (12 - 4) + -5
10
Evaluate -1 + -14 + 21 + -38 + 26.
-6
What is 6 + -12 + -2 + 14?
6
Calculate 17 + (-31 - -8) + -14.
-20
Evaluate 0 + 3 - 1 - (-41 - -22 - -29).
-8
Calculate 3 - (22 + -8 - (2 + 0)).
-9
Evaluate (356 - 348) + 4 + -1.
11
Calculate (-3 - -4) + (4 - ((-1 - 11) + 7)).
10
Evaluate -21 - -15 - (-6 + 2).
-2
Evaluate -62 + 53 + (37 - 42).
-14
Evaluate -18 + (39 - -31) + -19.
33
What is the value of -21 - -20 - (-3 + -5)?
7
Calculate 5 + -30 + 10 + (-5 - -8).
-12
What is 0 + 0 + 0 - ((46 - 53) + -1)?
8
What is the value of ((6 - 9 - -2) + 6 - 7) + 6?
4
-9 - ((15 + -5 - 12) + 0 + 0)
-7
Evaluate -1 + (-6 - 5) + -1 + 17 + 31.
35
Calculate -10 - (2 - (-8 + (1 - -2 - -1))).
-16
Calculate -15 + ((-2 - -1) + -1 - (-24 + 21)).
-14
What is the value of (1 - 1) + 1 + (-3 - 4) + 11?
5
What is (-39 - 26 - -40) + 28?
3
What is the value of -2 + 0 - (-195 + 190)?
3
30 + (-28 - 14 - -4)
-8
What is (19 - 1 - 23) + -8 + 0 + 1?
-12
What is the value of -12 + 6 + 3 - 1 - (-1 + -12)?
9
Calculate (-6 - -8 - 2) + (9 - 15 - 0).
-6
Evaluate -8 + 2 + (1 - 7 - -16) - 8.
-4
Calculate -20 + 15 - ((-12 - -12) + -5 + 0).
0
(61 - 39) + (1 - 8) + -3
12
(6 + -4 - (1 - -7 - 6)) + 9
9
Evaluate -58 - (-40 - 8) - (1 + -1).
-10
Evaluate -9 - (0 - (-1 + 8)) - (7 - 0).
-9
What is